or of 9 and o?
9
Let o(z) = -9*z**2 - 7*z - 22. Let j be o(-5). Let m = j + 344. Calculate the greatest common divisor of m and 44.
44
Let r be (7 + 25/(-3))*180/(-3). What is the greatest common factor of 144 and r?
16
Suppose 339 = 4*r + 179. Calculate the greatest common divisor of 152 and r.
8
Let g(r) = 3*r**3 + 1. Let a be g(1). Let u be a + 39 - (4 - 3). Let n(k) = k**3 + 14. Let c be n(0). Calculate the highest common factor of c and u.
14
Suppose 0 = 4*o + 5*f - 134 - 70, 3*f - 44 = -o. Let j = o - 37. Suppose 4*a = j + 5. What is the greatest common divisor of 15 and a?
3
Suppose 4*g = 52 + 608. Let k(x) = 3*x - 6. Let z be k(7). What is the greatest common factor of g and z?
15
Let q be -1*(0 + -6) + -3. Suppose 6*n - 6 = q*n. Suppose -100 + 16 = -n*d. What is the highest common divisor of d and 6?
6
Let v(s) = -16*s**2 - 5*s - 6. Let k be v(-2). Suppose -3*w + 525 = 4*x, -2*w + 108 - 638 = -4*x. Let h = x + k. What is the greatest common factor of h and 24?
24
Let j(a) = 30*a - 1052. Let c be j(36). Calculate the greatest common factor of 96 and c.
4
Let k(u) = 2*u**2 - 14*u + 30. Let q be k(13). Calculate the highest common factor of q and 310.
62
Let p = -14 - -18. Suppose -4*t + 3 = -5*w - p, -w + 21 = 2*t. Calculate the highest common divisor of 36 and t.
4
Suppose 829 = 4*g - 3*t, -t + 625 = 7*g - 4*g. What is the greatest common factor of 13 and g?
13
Let b be (1*4/(-5))/(2/(-25)). Suppose 0 = -4*d + u + 320, -4*d - 2*u + 320 = u. What is the greatest common factor of d and b?
10
Let l(d) = 3*d**2 + 70*d - 67. Let a(w) = -w**2 - 23*w + 22. Let v(k) = 7*a(k) + 2*l(k). Let c be v(-21). What is the highest common factor of 4 and c?
4
Let q(u) = u**3 - 16*u**2 + 29*u + 12. Let j be q(14). Let k(l) = -131*l - 1. Let z be k(-1). What is the greatest common divisor of z and j?
26
Let x be 111 - (-1)/(7/28). Calculate the greatest common divisor of 5 and x.
5
Suppose 0 = -5*k - 4*s + 470, -5*k + 2*s - 59 = -499. Calculate the highest common divisor of 54 and k.
18
Let g = 59 - 43. Let r(a) = -18*a - 8. Let f be r(-4). What is the highest common divisor of f and g?
16
Let a(m) = -3*m - 13. Let x be a(-7). Suppose -x = -3*h + 52. Calculate the greatest common factor of h and 60.
20
Let m(k) = -k**3 + 9*k**2 - 5*k + 13. Let n = -92 - -100. Let b be m(n). Calculate the greatest common factor of b and 37.
37
Let m = 943 + -861. What is the greatest common factor of m and 533?
41
Let m = 7 - 5. Suppose -m*x = 2*n + 2*n - 836, 2*n = 4*x + 398. Calculate the highest common divisor of n and 9.
9
Let g be (-957)/(-8) + 21/56. Suppose -o = -3*o + g. Calculate the greatest common divisor of 15 and o.
15
Let i be 4/(1 - 2) + 346. Suppose 2*w = -3*w - 3*u + 569, 2*u - i = -3*w. What is the highest common factor of 14 and w?
14
Suppose 72*q = 79*q - 70. Let j(f) = f**3 - 15*f**2 - f + 19. Let d be j(15). What is the highest common divisor of q and d?
2
Let a(q) = 3*q**2 + q - 1. Let w(l) = -3*l**2 - l. Let j(m) = 3*a(m) + 2*w(m). Let r be j(2). What is the greatest common factor of r and 77?
11
Suppose -69 = 2*t - 6*t + 3*q, -t + 41 = 4*q. What is the greatest common factor of 336 and t?
21
Suppose 2*c - 4*t - 331 = 429, -3*t + 725 = 2*c. What is the greatest common factor of 10 and c?
10
Suppose 2*h - 5*w - 127 = -2*h, 195 = 5*h + w. Let b = -39 - -381. Calculate the highest common divisor of b and h.
38
Let d = -628 + 641. Calculate the greatest common factor of d and 5.
1
Let g be (45*15/36)/(3/16). Calculate the highest common divisor of 60 and g.
20
Suppose 5*g - 3*g - 64 = 0. Let b = -3 + g. What is the greatest common divisor of b and 29?
29
Suppose -w = -2*x + 9, -5*x + 16 = 4*w - 0. Suppose -k + 57 + 14 = x*n, 2*k = 4*n - 74. Calculate the highest common factor of 162 and n.
18
Let g be 16/(-10)*(-30)/12. Suppose 17*s - 15*s - 4 = 0. Suppose -s*d - 20 = -7*d. What is the highest common factor of g and d?
4
Let r be 2/4*(-12 - -8). Let d be ((-32)/6)/(r/6). What is the greatest common factor of d and 24?
8
Let k(a) = a**3 + 7*a**2 + 2*a - 12. Let q be k(-7). Let n = -12 - q. Calculate the highest common divisor of 14 and n.
14
Let g = 24 - 21. Suppose g*v + 2*t - 308 = 0, -5*t + 0*t = 4*v - 413. Calculate the greatest common divisor of v and 6.
6
Let a be (-1)/(1/4*(-20)/185). What is the highest common factor of 185 and a?
37
Let s = -1423 + 1458. What is the greatest common divisor of 70 and s?
35
Suppose 11*s = 3 + 52. Calculate the highest common factor of s and 2.
1
Let j = -1320 - -1323. Let p be 91/2 + 1/2. Suppose 0 = -2*t - 0*t + 2*l + 76, -2*t - 4*l + p = 0. What is the highest common divisor of j and t?
3
Let t(m) = 28*m + 2. Suppose 5*k = -60 - 55. Let s = 24 + k. Let v be t(s). What is the highest common factor of 75 and v?
15
Suppose 0 = 5*i - 2*f - 780, 13*f = 16*f. Let x = -26 + 38. What is the highest common factor of x and i?
12
Let m = 511 - 407. Calculate the greatest common factor of 234 and m.
26
Let u = 29 - -1. Let s = -13 + u. What is the highest common factor of s and 34?
17
Let z be 29 - ((-2)/(-2))/1. Let a be (6 + -8 + 3)*-1. Let j be 83/2 - a/2. Calculate the greatest common divisor of j and z.
14
Suppose -4*f + 2*y = 1 - 13, f + 2*y = 13. Let q(o) = -2*o + 121. Let k be q(38). What is the highest common divisor of f and k?
5
Let k be 395/(-30)*(-14 - -8). Calculate the greatest common divisor of k and 158.
79
Suppose 0 = -h - 5 - 7. Let u = -9 - h. Let j be (-12)/6 - (-39 - u). What is the highest common divisor of j and 100?
20
Let r(t) = -96*t**2 - 14 + 50*t**2 + 50*t**2 - 14*t. Let u be r(6). Calculate the greatest common divisor of 115 and u.
23
Suppose 18*k - 7 = 47. What is the greatest common divisor of k and 33?
3
Let s = 652 + -301. Suppose -2*n = 5*q - 209, -3*n + 3*q = -2*q - s. Calculate the highest common factor of 28 and n.
28
Let p = -165 - -332. Suppose g + 32 = p. What is the greatest common divisor of 15 and g?
15
Suppose 2625 = 72*b - 2127. Calculate the greatest common factor of b and 102.
6
Let u be (-730)/7 + (-6)/(-21). Let h = 269 + u. Calculate the greatest common factor of 15 and h.
15
Let i(b) = b**3 + b**2 - 2. Let v be i(2). Suppose 0 = 2*y - 17*y + 870. Suppose -2*r = -y + v. Calculate the highest common divisor of r and 60.
12
Let n(k) = -k**2 + 10*k - 6. Let b be n(9). Calculate the highest common divisor of b and 39.
3
Let i(l) = -l**3 - 5*l**2 - 8*l - 3. Let p be i(-7). Let c be p/3 - 4/3. Calculate the greatest common factor of c and 7.
7
Let v be ((-114)/(-10))/((-1)/(-185)). Suppose 93 - v = -8*p. Calculate the highest common divisor of 28 and p.
28
Let x be (-55)/25*(-1 - 434). Calculate the greatest common factor of x and 33.
33
Suppose 4*l - 5*p + 19 = 0, 3*l + 3*p - 14 = 8*l. Let t be (-7)/(21/18)*(-6 - l). What is the greatest common divisor of 45 and t?
15
Suppose -48 = -2*m + 2*p + 14, -p + 5 = 0. What is the highest common divisor of 8 and m?
4
Suppose 0 = -2*g + g + 1. Let n be -2*(g + 1)*-1. Let d(p) = 2*p**2 + 11*p - 8. Let f be d(-8). Calculate the greatest common factor of n and f.
4
Let m be (72 + 2)/(2/6). Suppose 5*w - 38 = m. Suppose -6*c + 104 = -2*c. What is the greatest common factor of w and c?
26
Let n be 10/6 - (-3)/9. Let s = -21 + 27. Suppose j + s = 16. Calculate the highest common divisor of n and j.
2
Suppose 0 = 2*u - 88 + 18. Let f(i) = 2*i**2 - 6*i + 5. Let v be f(3). Calculate the greatest common divisor of v and u.
5
Let r be (-92)/14 - (-24)/(-56). Let s = r - -10. What is the highest common factor of 4 and s?
1
Suppose 5*l - 5*b = -65, -5*l = 3*b - 5*b + 74. Let x be 9/2 + l/32. Suppose -35 = -4*h + 29. What is the greatest common divisor of h and x?
4
Suppose -2*s + 6*z - z = -46, -3*z = -2*s + 42. Calculate the greatest common divisor of s and 48.
6
Let c(t) = 5*t**2 - 133*t - 33. Let x be c(34). Calculate the highest common factor of x and 98.
49
Let u = 119 - 43. Suppose 4*d = -2*z + 24, -3*z - z - d = -u. Suppose 0 = 8*p - 3*p - z. Calculate the highest common factor of p and 8.
4
Let l(c) = -c + 18. Let m be l(10). Suppose -4*q + 4 = -m. Let f = 21 + -15. What is the greatest common divisor of f and q?
3
Suppose j = 4*r - 132, -66 = -2*r - 13*j + 11*j. Calculate the greatest common divisor of r and 22.
11
Suppose 2*o = f + 84, 1